 6 - -1606312?
1606321
In base 9, what is 1266 - -27?
1304
In base 11, what is 4aa076 + 1?
4aa077
In base 11, what is 2321 - -8?
2329
In base 15, what is -b3bd + 1?
-b3bc
In base 9, what is -3 - -302?
288
In base 15, what is -3b - e?
-4a
In base 2, what is -10 - -111110101010?
111110101000
In base 11, what is 197a7 - 6?
197a1
In base 16, what is 1fb16 + 4?
1fb1a
In base 2, what is -1000001111101100 - 10?
-1000001111101110
In base 11, what is -1 + 32342?
32341
In base 7, what is -2 + 3412332?
3412330
In base 10, what is 3743 - -282?
4025
In base 2, what is -111000000001 + 100110?
-110111011011
In base 7, what is -4640 + 6?
-4631
In base 11, what is 14712 - 0?
14712
In base 9, what is -6 + 32216?
32210
In base 5, what is -4434321 + -2?
-4434323
In base 7, what is -1 + -212345?
-212346
In base 13, what is 719b + -60?
713b
In base 13, what is -10 - 347?
-357
In base 8, what is 222065 + 0?
222065
In base 7, what is -141453 + 55?
-141365
In base 8, what is -2222007 - -1?
-2222006
In base 8, what is 0 - 164340?
-164340
In base 4, what is 2310 - 3011310?
-3003000
In base 14, what is 163da9 + -5?
163da4
In base 6, what is -450221 + 1?
-450220
In base 2, what is 1011110 + -1101111001?
-1100011011
In base 8, what is 771 - -3770?
4761
In base 13, what is 368 + 37?
3a2
In base 7, what is 303146 - 5?
303141
In base 16, what is 763 - -12?
775
In base 8, what is 50645 + 4?
50651
In base 15, what is -3921 - -4?
-391c
In base 7, what is 0 + -33310?
-33310
In base 11, what is -1 + -27310?
-27311
In base 12, what is 9a - 7a4?
-706
In base 4, what is 101 + 1121123?
1121230
In base 16, what is 0 + -2ef9?
-2ef9
In base 11, what is 1320 + 67?
1387
In base 9, what is -1012 + 36?
-865
In base 10, what is 2 - -138592?
138594
In base 7, what is 30303 - 512?
26461
In base 9, what is -5 + 745226?
745221
In base 14, what is -2 - -77a8?
77a6
In base 9, what is 6342 + -46?
6285
In base 4, what is -100212022 - 3?
-100212031
In base 13, what is 3 + 1a0c94?
1a0c97
In base 11, what is -179a9 - 7?
-17a05
In base 7, what is 4 + -3103511?
-3103504
In base 16, what is -2e3fc - -1?
-2e3fb
In base 10, what is -2921 + -561?
-3482
In base 2, what is -110 + 10111011010101?
10111011001111
In base 11, what is -11 - -27873?
27862
In base 10, what is 64411 - -9?
64420
In base 11, what is -3505 + 3?
-3502
In base 7, what is -241 + -13?
-254
In base 9, what is -4211 - -113?
-4087
In base 12, what is -8ba + -14?
-912
In base 3, what is 22 - -1111010001?
1111010100
In base 15, what is 0 - -73c90?
73c90
In base 7, what is 2526502 + -4?
2526465
In base 13, what is 26914 + a?
26921
In base 2, what is 10 - -111111011101100000?
111111011101100010
In base 6, what is -40251 + 1?
-40250
In base 12, what is 3 - -2782?
2785
In base 5, what is 3410 + 132440?
141400
In base 10, what is -296176 + -28?
-296204
In base 8, what is -73614 - 55?
-73671
In base 12, what is a46 + 341?
1187
In base 7, what is -361113 + -23?
-361136
In base 6, what is -41312 + -23?
-41335
In base 11, what is 162 + 550?
702
In base 12, what is 1 + -14897?
-14896
In base 7, what is -62435 - -11?
-62424
In base 7, what is 136250 + 36?
136316
In base 6, what is -20 - -43340?
43320
In base 12, what is -5 + b887?
b882
In base 12, what is -6 - -144920?
144916
In base 10, what is 106 + 252?
358
In base 13, what is 7c52 + 3?
7c55
In base 4, what is 110201110 + 1?
110201111
In base 15, what is 4c9a9 + 2?
4c9ab
In base 9, what is -3165 + 1?
-3164
In base 16, what is -89 + 16ff?
1676
In base 5, what is 1423240 - 1?
1423234
In base 5, what is -11 - -43010?
42444
In base 15, what is 4c0b4 - -8?
4c0bc
In base 11, what is -2112 + 38?
-2085
In base 6, what is -4 - 2052445?
-2052453
In base 13, what is -2a19 - 23?
-2a3c
In base 14, what is 9696 - -4?
969a
In base 14, what is 3cb7 - 7?
3cb0
In base 5, what is 2431 + 102?
3033
In base 3, what is -2000002010 + 10?
-2000002000
In base 9, what is 68 - 10?
58
In base 12, what is 478ab - -9?
478b8
In base 9, what is 4 + 4074?
4078
In base 8, what is 2306 + -1?
2305
In base 9, what is 544 + -561?
-16
In base 16, what is -5 + -a4a4?
-a4a9
In base 8, what is -374560 + -1?
-374561
In base 13, what is -6 - 1250?
-1256
In base 11, what is 797 + -503?
294
In base 10, what is 3 - -13203?
13206
In base 4, what is 2 - -21331102?
21331110
In base 4, what is -3 - -2133020?
2133011
In base 11, what is 4 + -156748?
-156744
In base 14, what is -2991 + a9?
-28c6
In base 14, what is 27951 - 1?
27950
In base 6, what is 225303 - -5?
225312
In base 15, what is -1432 + -b?
-143d
In base 8, what is -11271 - -1?
-11270
In base 8, what is -63 + 145042?
144757
In base 9, what is 47 + 7216?
7264
In base 4, what is -2000 - 102013?
-110013
In base 14, what is -3 + 5d4b6?
5d4b3
In base 8, what is -10 + -504576?
-504606
In base 14, what is 16 + -2b9?
-2a3
In base 4, what is 10312 - 311?
10001
In base 2, what is -11 + -10000010111100011010?
-10000010111100011101
In base 4, what is 11 + 3322013?
3322030
In base 16, what is -18d31 - 2?
-18d33
In base 9, what is 324454 - 4?
324450
In base 3, what is 10222002212000 + -12?
10222002211211
In base 16, what is 1b991 - 9?
1b988
In base 16, what is -1f - 4c8?
-4e7
In base 8, what is 122404 - 5?
122377
In base 9, what is 270 - 284?
-14
In base 7, what is 24146 + 63?
24242
In base 14, what is 2b41d + -2?
2b41b
In base 7, what is 5311 + -336?
4642
In base 9, what is -2057 - -247?
-1710
In base 9, what is -3230 + -1354?
-4584
In base 13, what is 79 - 1b?
5b
In base 16, what is -5 + -1647?
-164c
In base 16, what is 3 + -37d1?
-37ce
In base 2, what is 11010 - -110001100010?
110001111100
In base 10, what is 42353 - -5?
42358
In base 3, what is 1 + -21212212210?
-21212212202
In base 13, what is 1286 + -4?
1282
In base 3, what is 121102122 - -10?
121102202
In base 2, what is 10011111111 - 1000111000?
1011000111
In base 16, what is -6 + 1974?
196e
In base 16, what is 82 + 11?
93
In base 11, what is 4 + -a455?
-a451
In base 6, what is -5 - -12521310?
12521301
In base 16, what is -4c9 - 2f?
-4f8
In base 5, what is -4 - -3141020?
3141011
In base 14, what is 0 + 960?
960
In base 2, what is 10 - 1010000101110?
-1010000101100
In base 6, what is -334 - 1404?
-2142
In base 12, what is -31 + -86?
-b7
In base 13, what is 66 - -226?
28c
In base 10, what is 51 - -1418?
1469
In base 8, what is -126003 + -2?
-126005
In base 10, what is -43 + 3760?
3717
In base 11, what is 578500 - 7?
5784a4
In base 10, what is -13606 + 3?
-13603
In base 15, what is -4ea + 56?
-494
In base 14, what is a0 - -1464?
1524
In base 16, what is 581a - 0?
581a
In base 6, what is -50111330 + -3?
-50111333
In base 14, what is 87 + -370?
-2c7
In base 5, what is 33010 - 400?
32110
In base 9, what is 16 - -1623?
1640
In base 6, what is 1442 + -145353?
-143511
In base 16, what is -4 + 14c19?
14c15
In base 15, what is 14 + 7867?
787b
In base 13, what is bbc3 - 2?
bbc1
In base 14, what is -171a - 42?
-175c
In base 10, what is -18 - -83882?
83864
In base 8, what is -433653 + 1?
-433652
In base 8, what is 2375 - 1334?
1041
In base 5, what is -4 + 4011232?
4011223
In base 10, what is 1 + 289175?
289176
In base 6, what is 13304 - 11?
13253
In base 14, what is -32 + 132c?
12da
In base 13, what is 54862 - 1?
54861
In base 12, what is a + -103b60?
-103b52
In base 8, what is -405244 + 4?
-405240
In base 11, what is 263 + 69?
321
In base 8, what is 1 - 26612?
-26611
In base 14, what is -1c49 + 41?
-1c08
In base 6, what is -134 - -130052?
125514
In base 11, what is 5 - -4401a?
44024
In base 3, what is 12 + -111011012222?
-111011012210
In base 5, what is 113 + 22440?
23103
In base 16, what is -68fc + -3?
-68ff
In base 8, what is -2063 + 167?
-1674
In base 10, what is -850 - 30?
-880
In base 16, what is -c + 14e8?
14dc
In base 5, what is 4 + -1000434?
-1000430
In base 2, what is 101000100101 - -10010101?
101010111010
In base 10, what is -759 - -162?
-597
In base 5, what is 443 + 2312?
3310
In base 7, what is -15136 + 34?
-15102
In base 2, what is -11010000000001110 - -100?
-11010000000001010
In base 16, what is 6c1 + 98?
759
In base 14, what is -2b6 + -21?
-2d7
In base 11, what is -2296170 - 3?
-2296173
In base 6, what is -1 + -2410545?
-2410550
In base 12, what is -5b4 + -63?
-657
In base 12, what is 7 - -a14?
a1b
In base 15, what is -235d + -34?
-2392
In base 1